{"id":5,"date":"2008-05-07T11:46:45","date_gmt":"2008-05-07T09:46:45","guid":{"rendered":"http:\/\/wp.gethopeless.ch\/?page_id=5"},"modified":"2014-11-04T13:59:46","modified_gmt":"2014-11-04T12:59:46","slug":"team","status":"publish","type":"page","link":"https:\/\/www.derendokrinologe.ch\/?page_id=5","title":{"rendered":"Team"},"content":{"rendered":"<div class=\"separated\">\n<p><img loading=\"lazy\" decoding=\"async\" class=\"size-full wp-image-147\" title=\"Dr. med. Bruno M&uuml;ller\" src=\"\/wp-content\/uploads\/2009\/01\/01_mueller.jpg\" alt=\"Dr. med. Bruno M&uuml;ller\" width=\"640\" height=\"225\"><\/p>\n<h3>Dr. med. Bruno M&uuml;ller<\/h3>\n<p>Bruno M&uuml;ller, DerEndokrinologe (und Diabetologe) im Raum Bern seit &uuml;ber&nbsp;20 Jahren, Vermittler zwischen Welten (Stadtpraxis im renommierten Kirchenfeldquartier mit T&auml;tigkeit an den Hirslanden-Kliniken, Sprechstundent&auml;tigkeit im l&auml;ndlichen Emmental, Spital Langnau), DerAntidopingexperte (ehemals Swissolympic, neu Antidopingagentur Schweiz), DerSpezialist f&uuml;r Patientenmotivation (Autor von Publikationen zum Thema, Mitorganisator eines nationalen Motviationsseminares f&uuml;r &Auml;rzte), DerReferent (Grundstudium der Germanistik, bis zu&nbsp;10 Fachvortr&auml;ge f&uuml;r &Auml;rzte und Patienten j&auml;hrlich, ehemals Mitarbeit im Fernsehen).<\/p>\n<p><a href=\"\/publikationsliste\/\">Publikationsliste<\/a><\/p>\n<p><a href=\"\/cv\/\">Curriculum Vitae<\/a><\/p>\n<\/div>\n<div class=\"separated\">\n<p><img loading=\"lazy\" decoding=\"async\" class=\"size-full wp-image-178\" title=\"Dr. med. Friedich Aigner\" src=\"\/wp-content\/uploads\/2009\/01\/02_friedrichaigner.jpg\" alt=\"Dr. med. Friedich Aigner\" width=\"640\" height=\"225\"><\/p>\n<h3>Dr. med. Friedrich Aigner<\/h3>\n<p>FMH f&uuml;r Innere Medizin, speziell Diabetologie.<\/p>\n<p><a href=\"\/cv-aigner\/\">Curriculum Vitae<\/a><\/p>\n<\/div>\n<div class=\"separated\">\n<p><img loading=\"lazy\" decoding=\"async\" class=\"size-full wp-image-184\" title=\"Deborah Burkhard\" src=\"\/wp-content\/uploads\/2009\/01\/03_deborahburkhard.jpg\" alt=\"Deborah Burkhard\" width=\"640\" height=\"225\"><\/p>\n<h3>Deborah Burkhard<\/h3>\n<p>Leiterin Bereich MPA und Leiterin Praxisadministration (the &laquo;chief&raquo;)<\/p>\n<\/div>\n<div class=\"separated\">\n<p><img loading=\"lazy\" decoding=\"async\" class=\"size-full wp-image-185\" title=\"Monika Jacob-Schweizer\" src=\"\/wp-content\/uploads\/2009\/01\/04_monikajacobschweizer.jpg\" alt=\"Monika Jacob-Schweizer\" width=\"640\" height=\"225\"><\/p>\n<h3>Monika Jacob-Schweizer<\/h3>\n<p>Medizinische Praxisassistentin. Jahrzehntelange Berufserfahrung<\/p>\n<\/div>\n<div class=\"separated\">\n<p><img loading=\"lazy\" decoding=\"async\" class=\"size-full wp-image-394\" title=\"Eva Fauser\" src=\"\/wp-content\/uploads\/2008\/05\/05_evafauser.jpg\" alt=\"Eva Fauser\" width=\"640\" height=\"225\"><\/p>\n<h3>Eva Fauser<\/h3>\n<p>Medizinische Praxisassistentin. Jahrzehntelange Berufserfahrung<\/p>\n<\/div>\n<div class=\"separated\">\n<p><img loading=\"lazy\" decoding=\"async\" class=\"size-full wp-image-394\" title=\"Olga Spielmann\" src=\"\/wp-content\/uploads\/2013\/01\/07_olgaspielmann.jpg\" alt=\"Olga Spielmann\" width=\"300\" height=\"225\"><\/p>\n<h3>Olga Spielmann<\/h3>\n<p>Medizinische Praxisassistentin<\/p>\n<\/div>\n<div class=\"separated\">\n<p><img loading=\"lazy\" decoding=\"async\" class=\"size-full wp-image-187\" title=\"Ursula Kuske\" src=\"\/wp-content\/uploads\/2009\/01\/06_ursulakuske.jpg\" alt=\"Ursula Kuske\" width=\"640\" height=\"225\"><\/p>\n<h3>Ursula Kuske<\/h3>\n<p>Diabetesfachschwester (zus&auml;tzliche T&auml;tigkeit am Inselspital)<\/p>\n<\/div>\n<div class=\"separated\"><\/div>\n<div class=\"separated\">\n<p><img loading=\"lazy\" decoding=\"async\" class=\"size-full wp-image-496\" src=\"http:\/\/www.derendokrinologe.ch\/wp-content\/uploads\/2008\/05\/janebigler.jpg\" alt=\"Jane Bigler\" width=\"516\" height=\"225\" srcset=\"https:\/\/www.derendokrinologe.ch\/wp-content\/uploads\/2008\/05\/janebigler.jpg 516w, https:\/\/www.derendokrinologe.ch\/wp-content\/uploads\/2008\/05\/janebigler-300x130.jpg 300w\" sizes=\"auto, (max-width: 516px) 100vw, 516px\"><\/p>\n<h3>Jane Bigler<\/h3>\n<p>Beraterin f&uuml;r Insulinpumpen, CGM<\/p>\n<p>&nbsp;<\/p>\n<p>&nbsp;<\/p>\n<p>&nbsp;<\/p>\n<p>&nbsp;<\/p>\n<p>&nbsp;<\/p>\n<h3>Caroline Buntschu-Salonen<\/h3>\n<p>Sekret&auml;rin<\/p>\n<p>&nbsp;<\/p>\n<h3>Daniel Messerli<\/h3>\n<p>Ern&auml;hrungsspezialist. <a href=\"http:\/\/www.besseressen.ch\/\">www.besseressen.ch<\/a><\/p>\n<\/div>\n<div class=\"separated\">\n<h3>Brigitte Buri<\/h3>\n<p>Ern&auml;hrungsspezialistin. <a href=\"http:\/\/www.besseressen.ch\/\">www.besseressen.ch<\/a><\/p>\n<\/div>","protected":false},"excerpt":{"rendered":"<p>Dr. med. Bruno M\u00fcller Bruno M\u00fcller, DerEndokrinologe (und Diabetologe) im Raum Bern seit \u00fcber\u00a020 Jahren, Vermittler zwischen Welten (Stadtpraxis im renommierten Kirchenfeldquartier mit T\u00e4tigkeit an den Hirslanden-Kliniken, Sprechstundent\u00e4tigkeit im l\u00e4ndlichen Emmental, Spital Langnau), DerAntidopingexperte (ehemals Swissolympic, neu Antidopingagentur Schweiz), DerSpezialist f\u00fcr Patientenmotivation (Autor von Publikationen zum Thema, Mitorganisator eines nationalen &hellip; <a href=\"https:\/\/www.derendokrinologe.ch\/?page_id=5\">Weiterlesen <span class=\"meta-nav\">&rarr;<\/span><\/a><\/p>\n","protected":false},"author":2,"featured_media":0,"parent":0,"menu_order":0,"comment_status":"closed","ping_status":"closed","template":"","meta":{"ngg_post_thumbnail":0,"footnotes":""},"class_list":["post-5","page","type-page","status-publish","hentry"],"_links":{"self":[{"href":"https:\/\/www.derendokrinologe.ch\/index.php?rest_route=\/wp\/v2\/pages\/5","targetHints":{"allow":["GET"]}}],"collection":[{"href":"https:\/\/www.derendokrinologe.ch\/index.php?rest_route=\/wp\/v2\/pages"}],"about":[{"href":"https:\/\/www.derendokrinologe.ch\/index.php?rest_route=\/wp\/v2\/types\/page"}],"author":[{"embeddable":true,"href":"https:\/\/www.derendokrinologe.ch\/index.php?rest_route=\/wp\/v2\/users\/2"}],"replies":[{"embeddable":true,"href":"https:\/\/www.derendokrinologe.ch\/index.php?rest_route=%2Fwp%2Fv2%2Fcomments&post=5"}],"version-history":[{"count":64,"href":"https:\/\/www.derendokrinologe.ch\/index.php?rest_route=\/wp\/v2\/pages\/5\/revisions"}],"predecessor-version":[{"id":693,"href":"https:\/\/www.derendokrinologe.ch\/index.php?rest_route=\/wp\/v2\/pages\/5\/revisions\/693"}],"wp:attachment":[{"href":"https:\/\/www.derendokrinologe.ch\/index.php?rest_route=%2Fwp%2Fv2%2Fmedia&parent=5"}],"curies":[{"name":"wp","href":"https:\/\/api.w.org\/{rel}","templated":true}]}}