{"id":518,"date":"2014-07-03T09:17:38","date_gmt":"2014-07-03T08:17:38","guid":{"rendered":"http:\/\/www.derendokrinologe.ch\/?page_id=518"},"modified":"2016-05-11T05:55:54","modified_gmt":"2016-05-11T04:55:54","slug":"anfahrtsplan","status":"publish","type":"page","link":"https:\/\/www.derendokrinologe.ch\/?page_id=518","title":{"rendered":"Anfahrtsplan"},"content":{"rendered":"<h3>So finden Sie uns<\/h3>\n<p>Praxisadresse: Seilerstrasse 8, 3011 Bern<\/p>\n<h4>Mit Tram<\/h4>\n<p>Ab Bahnhof k&ouml;nnen Sie mit verschiedenen Linien bis zur Haltestelle <strong>Kocherpark<\/strong> fahren:<br>\n<strong>Tram Linie 3 <\/strong>Richtung Weissenb&uuml;hl<br>\n<strong>Tram Linie 6<\/strong> Richtung Fischerm&auml;tteli<br>\n<strong>Tram Linie 7<\/strong> Richtung B&uuml;mpliz<br>\n<strong>Tram  Linie 8<\/strong> Richtung Br&uuml;nnen Westside<br>\n<strong>Bus Line 17<\/strong> Richtung K&ouml;niz Weiermatt<\/p>\n<h4>Mit Auto<\/h4>\n<p>Autobahnausfahrt  A1 Bern-Forsthaus, dann Richtung Zentrum fahren. Parkhaus City West, Sektor Rot.<\/p>","protected":false},"excerpt":{"rendered":"<p>So finden Sie uns Praxisadresse: Seilerstrasse 8, 3011 Bern Mit Tram Ab Bahnhof k\u00f6nnen Sie mit verschiedenen Linien bis zur Haltestelle Kocherpark fahren: Tram Linie 3 Richtung Weissenb\u00fchl Tram Linie 6 Richtung Fischerm\u00e4tteli Tram Linie 7 Richtung B\u00fcmpliz Tram Linie 8 Richtung Br\u00fcnnen Westside Bus Line 17 Richtung K\u00f6niz Weiermatt &hellip; <a href=\"https:\/\/www.derendokrinologe.ch\/?page_id=518\">Weiterlesen <span class=\"meta-nav\">&rarr;<\/span><\/a><\/p>\n","protected":false},"author":2,"featured_media":0,"parent":0,"menu_order":0,"comment_status":"closed","ping_status":"closed","template":"","meta":{"ngg_post_thumbnail":0,"footnotes":""},"class_list":["post-518","page","type-page","status-publish","hentry"],"_links":{"self":[{"href":"https:\/\/www.derendokrinologe.ch\/index.php?rest_route=\/wp\/v2\/pages\/518","targetHints":{"allow":["GET"]}}],"collection":[{"href":"https:\/\/www.derendokrinologe.ch\/index.php?rest_route=\/wp\/v2\/pages"}],"about":[{"href":"https:\/\/www.derendokrinologe.ch\/index.php?rest_route=\/wp\/v2\/types\/page"}],"author":[{"embeddable":true,"href":"https:\/\/www.derendokrinologe.ch\/index.php?rest_route=\/wp\/v2\/users\/2"}],"replies":[{"embeddable":true,"href":"https:\/\/www.derendokrinologe.ch\/index.php?rest_route=%2Fwp%2Fv2%2Fcomments&post=518"}],"version-history":[{"count":12,"href":"https:\/\/www.derendokrinologe.ch\/index.php?rest_route=\/wp\/v2\/pages\/518\/revisions"}],"predecessor-version":[{"id":716,"href":"https:\/\/www.derendokrinologe.ch\/index.php?rest_route=\/wp\/v2\/pages\/518\/revisions\/716"}],"wp:attachment":[{"href":"https:\/\/www.derendokrinologe.ch\/index.php?rest_route=%2Fwp%2Fv2%2Fmedia&parent=518"}],"curies":[{"name":"wp","href":"https:\/\/api.w.org\/{rel}","templated":true}]}}